 - -678105. Is m composite?
True
Let u = -2065 + 6848. Is u composite?
False
Let r(q) = 358*q**2 - 137*q - 239. Is r(-36) a prime number?
True
Let a(i) = -23287*i**3 + 6*i**2 + 61*i + 161. Is a(-3) composite?
False
Suppose -470*w = -472*w - 5*s + 185069, -2*w + 185060 = 2*s. Is w a composite number?
True
Let s = -2624 + 8533. Is s composite?
True
Let w be 30748/(-18) - 8/(-36). Let z be (-12)/((-72)/(-42)) - 3062. Let m = w - z. Is m prime?
True
Let b be (-2)/5*-14*(-1485)/54. Is (2 - (-1 - b))/(5/(-85)) composite?
True
Let z(o) = o**3 - 13*o**2 + 3*o + 16. Let m be z(11). Suppose 2*c + 3*h + 703 = 0, 4*h - 1822 + 30 = 5*c. Let l = m - c. Is l a prime number?
True
Let r(z) = 5*z**2 + 7*z - 8. Let v(t) = 9*t - 4. Let j(c) = -10*c + 5. Let h(x) = 6*j(x) + 7*v(x). Let a be h(-4). Is r(a) a prime number?
False
Suppose 30*x - 26*x + 16 = 0. Let w be x + (1 - (0 - 0)). Is (2 + -2 - -1564) + w composite?
True
Let z = -27 + 42. Suppose -z*b = -12*b - 1356. Suppose 2*d - 6*d = -b. Is d composite?
False
Suppose w = -w. Let i be (w - (-12)/(-7))/(36/(-126)). Suppose -316 = -10*v + i*v. Is v a composite number?
False
Let y = 832 + -828. Is ((-6)/3 + y)/(12/25926) composite?
True
Let n = 39 + -33. Let d(i) = i**3 + 2*i**2 - 13*i + 44. Is d(n) composite?
True
Let m be 160182/90 + (-3)/(-15). Let a = -461 + m. Is a a prime number?
True
Suppose -2*u - 22 = -o, u + 65 = 2*o + 3*o. Suppose -4*q + 5*n + 6488 = 0, -2*n = 17*q - o*q - 8110. Is q a composite number?
True
Suppose 0 = -3*p + 4*d + 34717, -3*p - 159*d = -157*d - 34747. Is p a composite number?
False
Suppose 3*y - 2*r + 817112 = 3823681, 3*r = -y + 1002197. Is y composite?
False
Suppose -1428 = 2*p - 2*o, -4*p - 5*o - 732 = -3*p. Let m = 6219 + p. Is (3/2)/((-3)/m*-3) a composite number?
True
Suppose -4*j = -3*k + 165, 2*k = -3*j + 41 - 152. Let u = -34 - j. Suppose 3*o + o - 8 = 0, 868 = 2*p - u*o. Is p prime?
True
Let o be (-96)/(-9)*(-18)/(-4). Let u = o + -48. Suppose u*h - h + a + 1516 = 0, 5*h - 7550 = -a. Is h a prime number?
True
Suppose 2 - 3 = i, -2*g = -5*i - 27. Let b(q) = -12*q + 28*q + g*q + 37 + 29*q. Is b(9) a composite number?
False
Let c = 590752 + -196395. Is c a composite number?
False
Suppose -6418180 = -81*n + 434825. Is n composite?
True
Let b(q) be the second derivative of -q**5/10 + 5*q**4/6 - 17*q**3/6 - 5*q**2 + 99*q. Is b(-9) prime?
True
Suppose 14884855 = 17*x - 3*c, 3*x - 2*c = -3*c + 2626733. Is x prime?
True
Let i(a) = 2*a**3 - a. Let s be i(-1). Let c be 10/(-125) - 40387347/975. Is (3*s)/(69/c) composite?
False
Let h(z) = -3*z - 10. Let n be h(-4). Suppose -5*j - 4*x + 15 = -n, 3*j - 2*x + 3 = 0. Is (-332)/j*5/(-20) prime?
True
Let r = 2 - -2. Let z be (-15)/(-6) + (-2 - (-6)/r). Suppose -g - 1011 = -3*q, q = z*q - 4*g - 337. Is q composite?
False
Let l(c) = c**3 - 4*c**2 + 6*c - 30. Let h be l(4). Is 736 - (1 + h)/5 composite?
True
Let a be -2 + 5 + (-6 - -4). Let k(b) = 851*b**2 - 3*b + 2. Let m be k(a). Suppose -4*z = -4*u + 1396, -3*u + m + 181 = 5*z. Is u a composite number?
False
Let r be (-17)/68*1*6*-10. Is (7531 + -9)/(r/3 + -3) a prime number?
True
Let a(y) = 29*y**2 - 20*y - 67. Let u be a(-21). Let c = 26011 - u. Is c prime?
False
Suppose -4*h - 91 = 3*l + 504, 0 = -5*h + 25. Let o be -5 + 1 + l/(-1) + -5. Suppose 0 = -2*g + 690 + o. Is g a composite number?
False
Let r(n) = n**2 - n - 5. Let s be r(-4). Suppose 2*o - 3*g - 219 = 362, 3*o - g = 882. Is 1*o - (-3)/(s/(-10)) a composite number?
False
Let z = 505279 + -287508. Is z prime?
True
Let d(g) = -3*g**3 - 3*g**2 + 10*g - 31. Suppose -9*i + 299 = 362. Is d(i) a prime number?
False
Suppose 177061 + 400706 = 87*c. Is c a prime number?
False
Suppose -d = 4*d + 3*w + 21, 0 = 2*w - 6. Let r(p) = -4*p - 20. Let y be r(d). Is -2*-113*y/8 a prime number?
True
Suppose -4*o + 8 + 360 = 0. Let b = -90 + o. Suppose -1450 = -8*l - b*l. Is l a prime number?
False
Let y(v) be the third derivative of v**6/120 - 2*v**5/15 - 11*v**4/24 + 2*v**3 + 6*v**2. Let q be y(9). Is (-3400)/q + (-20)/12 prime?
False
Suppose l - m + 44 = -387, l + 3*m + 427 = 0. Let a = 1009 + l. Is a composite?
True
Let s(v) = -7*v**3 - v**2. Let m be s(-1). Let x be m - (-404)/(-10) - (-2)/5. Is x/(-51)*(-21162)/(-4) a composite number?
False
Let o(h) = -2*h + 0*h + 161 - 144. Let j be o(7). Suppose -7*c + j*c = -3412. Is c composite?
False
Let o be (-5)/2*1*(-6 + 4). Suppose -837 = -a - 5*c, 0*a - 1654 = -2*a - o*c. Is a a composite number?
True
Suppose -49 + 51 = f. Suppose 0 = -f*o + 1 - 5, -3*w + 4*o = -41843. Is w a prime number?
False
Let r = 9 - -72. Suppose -2*v - 4*w - 189 = -41, -5*v - 415 = -5*w. Let a = r - v. Is a a composite number?
True
Let q(c) = 6*c**2 + 4*c - 18*c**2 + 13*c - c**3 - 28. Let m be q(-13). Let o = m - -133. Is o composite?
False
Suppose 7022940 = 41*g + 1811963. Is g composite?
True
Is 8*(-57)/152 + 128708 prime?
False
Let k = -4956 + 9849. Suppose k + 5352 = 5*d. Is d prime?
False
Let s(a) = 16826*a**2 - 66*a + 17. Is s(4) a prime number?
True
Suppose -207*s + 1320924 = -75*s. Is s a composite number?
False
Is (-6528782)/(-187) - 12/44 composite?
False
Suppose -3*s + 266480 = 5*t, -27*s + 22*s = -3*t + 159922. Is t composite?
False
Suppose 250*y - 248*y = -4*a + 637610, -1594060 = -5*y - 5*a. Is y a composite number?
True
Suppose 2*f - 1618 = 4*h, -5*f + 3*h + 3319 = -698. Suppose -4*j = -r - 3280, 76*j + 5*r + f = 77*j. Is j composite?
False
Suppose 0 = 101*p - 2877148 + 900477. Is p a prime number?
True
Let u(x) = 39*x**3 + 14*x**2 - 84*x + 27. Is u(8) a prime number?
True
Suppose -12 = -6*j + 2*j. Suppose j*i + 12 = 6. Is -3 - (0 + 20*i) a composite number?
False
Let f = -212 + 297. Suppose 3343 = 4*z + 539. Suppose -2*c + f + z = 0. Is c composite?
True
Let c = 1940 - -1515. Is c prime?
False
Let b(y) = 2 - 6*y - 12 + 26 + 7*y**3 - 7*y**2. Let f be b(8). Suppose -12291 - f = -5*l. Is l composite?
False
Suppose -6*q + 11*q - 20 = 0. Suppose s - 8*b = -q*b + 309, -4*s - 4*b + 1276 = 0. Is s a prime number?
True
Let q = -123908 + 242569. Is q prime?
True
Let m(a) = 5*a - 17. Let l be m(4). Suppose 4*w + 8 = 0, 0 = -7*d + 2*d - l*w + 989. Is d - 0*(-2)/6 composite?
False
Suppose -50*u - 14 = -52*u. Suppose a = 0, -u*v + 4*a - 27895 = -12*v. Is v prime?
False
Suppose 0 = x, -2 = 2*o - x - 4. Is o/(1*(-3 + 3976/1324)) composite?
False
Is (2/(-18))/(53/(-77711409)) a prime number?
True
Let j be 0/75 + -1 + -1. Is (j + 3)/((-32)/(-16096)) prime?
True
Let r(j) = 3*j + 21. Let a(d) = -4*d - 22. Let i(z) = 4*a(z) + 6*r(z). Let h be i(-15). Suppose 4*l + 2*f + 418 = h*l, f - 215 = -2*l. Is l a composite number?
True
Suppose -2*a = 4*i + 516, -5*a + 6 = -4. Let y = i + 132. Is -3 + 2/2 + (771 - y) prime?
False
Suppose -6*f - 5*j = -7*f + 32487, f + 2*j = 32473. Is f composite?
True
Let a = 199313 + -71434. Is a a prime number?
False
Let n = -12321 + 48350. Is n prime?
False
Suppose -10*i + 6*i - n - 45596 = 0, -2*i - 22788 = -2*n. Let t = -5799 - i. Is t composite?
True
Suppose -5*y = 5*q - 159420, -35*y + 33*y + q = -63765. Is y prime?
True
Let r(x) = -x**3 + x**2 + x. Let i be r(0). Suppose 3*z = -i*z + 30. Is (-94)/(-6)*(3*z)/2 composite?
True
Let i(n) = n**2 - 19*n - 38. Suppose v = 36 - 15. Let r be i(v). Is (4175/(-15) + r)*-9 prime?
False
Suppose -163*v + 1106097 = -9982630. Is v a prime number?
False
Let h(z) = -568*z + 6. Let t = -488 + 483. Is h(t) a prime number?
False
Suppose 0 = -4*d - 2*p + 10554, d - p = 1699 + 944. Suppose -14*y + d = -18*y. Let q = 1291 + y. Is q prime?
True
Let v(n) = 5*n**2 - 39*n + 194. Let d be v(26). Let k = d + -1305. Is k a prime number?
False
Suppose 32578 = 4*z - 3*a, 4*z = 4*a + 34826 - 2254. Is z a composite number?
True
Let h(s) be the third derivative of s**4/24 + 2*s**3/3 + 15*s**2. Let a be h(0). Is ((-5 + 3)/8 - -60)*a a composite number?
False
Suppose -673*m - 123*m + 227785748 = 0. Is m a composite number?
False
Let w(t) = -t**3 + 3*t**2 - 17*t - 8. Suppose 62 = -4*n - c + 3*c, -3*c = -n - 28. Is w(n) a composite number?
False
Let o = 23 + -19. Suppose -o*s + 0*s + 2*t - 18 = 0, 0 = -2*s + 3*t - 3. Is (-4)/s + 13272/72 a composite number?
True
Let u be (-2 - (-5)/3) + 276/(-36). Let n be 6/u*(-7719 + -5). Suppose 3*v + n = 6*v. Is v a composite number?
False
Let l be